prime factors of i?
2, 281
Let x be 12/(6/(-3892)*-7). Let h = -24 + x. List the prime factors of h.
2, 17
Suppose 3*h = 6*j - 207822, 4*j = 81*h - 82*h + 138572. List the prime factors of j.
3, 1283
Let p(t) = t**2 + 2*t - 3. Let s be p(2). Suppose -r + 16 = -s*z, -2*r + 23 = z - 2*z. Suppose -i + 59 + r = 0. List the prime factors of i.
2, 5, 7
Suppose -18*x - 4*m = -19*x + 47574, 4*x + 4*m - 190356 = 0. List the prime factors of x.
2, 3, 7, 11, 103
Let g(x) = 4*x. Let q be g(1). Suppose -3406 - 2157 = -5*y + q*f, -2242 = -2*y - 4*f. Suppose -10*t - y = -3025. What are the prime factors of t?
191
Suppose -12*b + 179 + 157 = 0. Suppose -2*n = -3*o - 13, b = 3*n + 2*n - 3*o. Suppose 0 = -n*l + 3*i + 115, -l + 23 = 3*i + i. List the prime factors of l.
23
Let y = -339 - -333. Let v(q) = -88*q - 256. List the prime factors of v(y).
2, 17
Let p(r) = -38*r + 310. What are the prime factors of p(-58)?
2, 3, 419
Let w(o) = 921*o + 72. List the prime factors of w(14).
2, 3, 2161
Let h(s) = 4*s**2 - 3*s + 7. Let l be h(2). Let a(n) = -41 - 31*n + n**3 + 9 + 12*n**2 + l. What are the prime factors of a(-14)?
3
Let f(t) = 7*t + 0*t**2 + 11 - 15 - t**2. Let r be f(6). Suppose -4*c = -g - 147, 4*c - r*g + 6*g - 152 = 0. List the prime factors of c.
37
Let a = 18986 - 7740. What are the prime factors of a?
2, 5623
List the prime factors of 32/656 + 19802699/287.
7, 9857
Let a(g) = 2*g**2 - 135*g - 216. Let b be a(69). Let t be (0/(-1) + -1)*29. Let z = b - t. List the prime factors of z.
2, 5
Suppose 36 - 24 = -3*r. Let s(k) = 70*k**2 + 14*k + 9. What are the prime factors of s(r)?
29, 37
Let s(a) = a**3 - 2*a**2 - 9*a + 3. Let d be s(4). Let y be 19 + -16 - (d*2)/(-1). List the prime factors of 118/2*(y - 0).
59
Let p = 143 + -138. Suppose 6*q - p*q = 2*s - 964, 4*s + q - 1922 = 0. List the prime factors of s.
13, 37
Let b be (-10)/2*26*3/(-15). Suppose -2*r + 7 = -5. What are the prime factors of (-426)/(-4)*(5 - b/r)?
71
Let b = -660 + 468. Let m = 363 + b. What are the prime factors of m?
3, 19
Let q = 107 - -273. Let l = q - 162. What are the prime factors of l?
2, 109
Let z = -525 - -2521. Suppose -43*o - 5*d + 3020 = -40*o, z = 2*o - d. What are the prime factors of o?
2, 5
Let c(v) = -v**2 - 10*v + 5. Let r be c(0). Suppose 5*f - r*t - 3225 = 0, -4*f + 2574 = 2*t - 3*t. What are the prime factors of f?
643
Suppose 2*s + 4*l = 7566, -28*l + 31*l + 12 = 0. List the prime factors of s.
17, 223
Suppose c = 4*f - 4866, -6*c + 9*c = 5*f - 6079. Let n = 1715 - f. List the prime factors of n.
2, 3, 83
Suppose -4*x - 4*t = -1396, -6*x = -4*x + 4*t - 708. Suppose 641 + x = 5*b. What are the prime factors of b?
197
Let z(n) = 385*n - 67. What are the prime factors of z(59)?
2, 19, 149
Let k(a) = -2*a**3 - 31*a**2 + 17*a. Suppose -29*i = 3*i + 544. What are the prime factors of k(i)?
2, 17
Let i be 7 + ((-1)/3)/((-5)/45). Let c be 2/4 + i/(-8)*-2. Suppose 0 = h + c, 3*u - 6 - 375 = -2*h. List the prime factors of u.
3, 43
Let b(l) = 30*l - 210. Let y be b(10). List the prime factors of 25502/20 + (-9)/y.
3, 5, 17
Let f = 8627 - -148. Let a(m) = -m + 8. Let z be a(6). What are the prime factors of z/(-7) - (f/(-21))/3?
139
Let y = -132467 - -219760. What are the prime factors of y?
87293
Let s(o) = o**3 - 4*o**2 + 6*o + 3. Let u be s(3). Suppose -4*d = -3*r + r, -u = -r - 4*d. What are the prime factors of (r - 0 - -65)*2?
2, 3, 23
Suppose -21 = 21*v + 147. What are the prime factors of (2/((-20)/2315))/(4/v)?
463
Let w(j) = j**2 + 7*j + 2. Let l be w(-6). Let z(s) be the first derivative of s**4/4 + 4*s**3/3 - s**2 - 4*s + 492. List the prime factors of z(l).
2
Let p(g) = -g + 2. Let n(w) = -4*w + 7. Let s(a) = 6*n(a) - 17*p(a). Let k be (-23)/4 + 5/(-20). List the prime factors of s(k).
2, 5
What are the prime factors of 1397 + (34 - 38)/((-4)/(-1))?
2, 349
Suppose -5*n + 3 = 3*z - 0, z - 1 = -n. Suppose 3*w - 16 - 5 = n. Suppose -l = -2*c + w + 42, 3*l + 15 = 0. List the prime factors of c.
2, 11
What are the prime factors of (-4075)/(-1) - ((-9)/(-3) - 7)?
4079
Suppose -87*o + 88*o - 437 = 0. Suppose 4*s - s - o = -4*d, -2*s + d = -273. List the prime factors of s.
139
Let g(s) = 172*s**3 - 55*s**2 + 328*s - 8. What are the prime factors of g(6)?
2, 9283
Let d(k) = k - 1. Let x be d(-14). Let f(y) = 2*y + 23. Let g be f(-11). What are the prime factors of ((-2124)/(-45))/(g*(-6)/x)?
2, 59
What are the prime factors of (-3045)/261*8340/(-14)?
2, 5, 139
Suppose -s + 1142 = 7*j, -7*s = -11*s - 5*j + 4614. What are the prime factors of s?
2, 17
Let x(s) = 10*s - 41. Let r(g) = 31*g - 113. Let j(i) = 6*r(i) - 17*x(i). Let m(a) = a**3 - 4*a**2 - 4*a + 1. Let v be m(5). List the prime factors of j(v).
5, 23
What are the prime factors of -14 + 3 - -798*(-13 + 16)?
2383
Let d(k) = k**3 - 9*k**2 - 2*k + 8. Let h be d(9). Let w be (-5)/h*(714 + 4). Suppose 162 = 2*r + 2*p + 3*p, 0 = 5*r + p - w. List the prime factors of r.
71
Let t(o) = 2033*o**2 + 4*o - 39. What are the prime factors of t(4)?
3, 5, 11, 197
Let s(i) = 4*i**3 - 5*i**2 + 32*i - 93. What are the prime factors of s(4)?
211
Suppose 0 = -73*u + 292390 - 61069 + 205949. What are the prime factors of u?
2, 5, 599
Suppose -9*m + 25*m = 37984. List the prime factors of 26/8 - 3 - m/(-8).
3, 11
Let w(t) = -6*t**2 + 5*t + 8. Let h be w(-5). Let o = -91 - h. Suppose o = 5*u - 594. List the prime factors of u.
2, 67
Suppose 29*b - 69*b + 1004280 = 0. List the prime factors of b.
3, 8369
Let v(p) = 3*p**2 - 2*p - 10. Let m be v(3). Suppose 40*u - m*u = 46835. What are the prime factors of u?
5, 17, 19
Suppose -4*a - 3*i = 0, -a - i = a - 2. Suppose 2*y - 5 = a. Suppose t - 153 + 27 = -y*g, g + 453 = 4*t. What are the prime factors of t?
2, 3, 19
Let m be 1 + 15/(-3) + 5. Let h be m + 1/4*(15 + -3). What are the prime factors of -4*((-3)/(-4) + (-5)/h)?
2
Let k(p) = -50*p**3 + 2*p**2 - 14*p - 23. What are the prime factors of k(-3)?
19, 73
Let b be 60/(-40) + (-179)/(-2). Suppose 11*j + b = 5610. What are the prime factors of j?
2, 251
Suppose -3*u + 13028 = 2*z, -14*u + 12*u - 3*z = -8677. List the prime factors of u.
2, 41, 53
Let s(p) = p**3 + 3*p**2 - 7*p + 13. Let m be s(2). List the prime factors of 13/(-6) + m/114 + 107.
3, 5, 7
Let v(c) = 8*c**2 + 70*c - 199. List the prime factors of v(-35).
7151
Let h = 147 - 145. Suppose h*n - 5*k = 5*n - 644, 4*n - 874 = k. What are the prime factors of n?
2, 109
Let l(b) = -334*b - 333*b + 118 + 673*b. List the prime factors of l(-10).
2, 29
Let j(a) = 462*a**2 - 8*a - 1. List the prime factors of j(4).
3, 11, 223
What are the prime factors of 0 - (-14809 + -4) - -7?
2, 3, 5, 13, 19
Suppose -f = -3*k + 214 + 58, 0 = -2*k - 4*f + 172. Let m = -87 + k. Suppose -21 = -4*i - m*q + 8*q, -2*q = -6. What are the prime factors of i?
3
Suppose 25*o = 99256 + 8844. List the prime factors of o.
2, 23, 47
Let n(h) = -5*h**3 + 6*h**2 - 66*h - 343. List the prime factors of n(-11).
2, 3, 647
Let s(t) = t**3 + 5*t**2 + 13*t + 31. Let w be s(-5). Let r(l) = 4*l**2 + 95*l + 64. What are the prime factors of r(w)?
2, 3
Suppose -4*l - 1164 = 2*j, -2*j + 2*l = -0*j + 1182. Let n be (-4)/(-6) - j/36. Suppose 113 - n = 4*x. What are the prime factors of x?
2, 3
Suppose 0*r + 5785 = 5*r + 2*p, -5785 = -5*r + 2*p. What are the prime factors of r?
13, 89
Suppose 2*d = -20*i + 27*i + 17873, -5*d = -i - 44798. List the prime factors of d.
3, 29, 103
Let i = -470 + 470. Suppose i = -5*p + 2*c + 1304, -5*p + 3*c - 66 = -1367. What are the prime factors of p?
2, 131
What are the prime factors of ((-1332)/(-10))/(((-17)/(-85))/((-406)/(-21)))?
2, 3, 29, 37
Let u(d) be the second derivative of -d**5/10 + d**4/4 + 4*d**3/3 - d**2/2 - 105*d. What are the prime factors of u(-4)?
11, 13
Let d(w) be the third derivative of -10*w**2 - 3/2*w**3 + 0*w + 1/120*w**6 + 0 + 5/24*w**4 - 1/15*w**5. What are the prime factors of d(7)?
173
Let v(s) = -167*s + 1. Let r be v(-2). Let j = 208 - r. Let u = -24 - j. What are the prime factors of u?
103
Suppose 57 = -r + 1019. What are the prime factors of r + 6*(10 + -9)?
2, 11
Let m(q) = 2*q**2 - 79*q + 317. What are the prime factors of m(49)?
2, 3, 13
Let a = 4580 + -594. Let t = a - 2423. What are the prime factors of t?
3, 521
Suppose -6 = -7*j + 22. Suppose -12